highest common divisor of x and 9?
9
Let s(t) = -t - 4. Let r be s(0). Let l be 30/8 + (-1)/r. Suppose -50 + 14 = -l*v. Calculate the greatest common factor of v and 18.
9
Let i = -31 - -37. What is the highest common divisor of i and 15?
3
Let g be (-1)/((-1)/18) - (-2 - -1). Let l = 8 + -18. Let u be 2/(-5) + (-1714)/l. What is the greatest common divisor of g and u?
19
Let n be ((-1)/(-1) - -203)*18/12. Calculate the greatest common divisor of 34 and n.
34
Suppose 26 - 5 = 3*y. Suppose -2*n - n = 99. Let k = n - -54. What is the highest common divisor of k and y?
7
Let z = 0 - -6. Let f(x) = -2*x**2 - 2*x + 2. Let g be f(-2). Let q be 64 - (-1 + g/2). What is the highest common divisor of q and z?
6
Let f be (2 - -1)/(3/(-2)). Let h(k) = -4*k + 2. Let j be h(f). Let s = -63 - -113. Calculate the greatest common factor of j and s.
10
Let t be 70/4 + 1/(-2). Let r = 5 + t. Calculate the highest common factor of r and 55.
11
Let u = 85 + -15. Let f be ((-18)/(-15))/((-2)/(-5)). Suppose f*q = q + 56. What is the highest common divisor of q and u?
14
Suppose -10 = -6*l - 4. What is the highest common divisor of 2 and l?
1
Suppose 78 = -2*h - 82. Let k = 45 + -25. Let z = k - h. Calculate the highest common divisor of z and 40.
20
Let j be 0 + (2 - (-1 + (-28 - -1))). What is the highest common divisor of j and 150?
30
Suppose -35 = -5*o - 25. Calculate the highest common divisor of 6 and o.
2
Let p = 9 + 9. Calculate the greatest common factor of p and 90.
18
Suppose 0*j = 2*j + b - 135, -b + 3 = 0. Suppose 0 = w - 3*h + h - 38, -2*w + 2*h = -j. Calculate the greatest common factor of 7 and w.
7
Suppose 2*u = -4*t - 2*u - 4, 0 = -5*t + 3*u + 35. Suppose 0 = 8*w - t*w + 4*f - 76, 42 = 2*w + 3*f. What is the highest common divisor of w and 45?
15
Let y(f) = -3*f - 7. Let l be y(-14). Suppose 33 + l = 4*p. What is the highest common factor of 34 and p?
17
Suppose -4 = -4*z + 8. Suppose -z*n = -276 + 78. Calculate the greatest common divisor of n and 11.
11
Let l = -60 - -7. Suppose 3*u = -0*u - 87. Let y = u - l. What is the highest common divisor of 60 and y?
12
Let l(j) = -26*j - 3. Let o be l(-2). Let u = o + -34. Calculate the greatest common divisor of u and 6.
3
Suppose -5*w - 545 = -5*o, -132 - 191 = -3*o + 2*w. What is the highest common factor of 21 and o?
21
Suppose 0*y = -2*y + 4. Suppose -v = -2*g - 13, v + 5*g = g + 7. Suppose 0 = o - 3 - v. What is the highest common divisor of y and o?
2
Let k(x) = x + 32. Let w be k(-8). What is the highest common factor of 16 and w?
8
Suppose -75 = -2*q - 3*q. Let o = 3 - 5. Let h be (o - -2)*1 - -15. What is the highest common factor of h and q?
15
Let l = 10 - 5. Let c(v) = 2*v - 1. Let p be c(l). Calculate the highest common divisor of p and 72.
9
Let z(l) = -2*l**3 - 5*l**2 + 7*l - 2. Let f be z(-6). Calculate the greatest common factor of f and 26.
26
Let g = -4 - -9. Suppose -g*t + 99 = -76. What is the highest common factor of 7 and t?
7
Let q = -100 - -141. What is the highest common factor of 287 and q?
41
Suppose -5*d - 70 + 25 = -2*p, 5*p - 53 = 4*d. Let c be (d + 8)/((-1)/4). Let n be c/2 + -1 + 73. Calculate the highest common factor of 14 and n.
14
Suppose m = h - 8, 4*h + 3*m - 3 = -6. Suppose h*y - 3 - 222 = 0. Calculate the highest common divisor of 15 and y.
15
Let i(q) be the first derivative of 2*q**3/3 - q**2/2 + 3. Let v be i(3). Calculate the highest common factor of 6 and v.
3
Let q(n) = -2*n + 5. Let s be q(6). Let i(b) = -b**2 - 6*b + 10. Let o be i(s). Let x be (-2)/((-8)/(-2))*-54. Calculate the greatest common divisor of o and x.
3
Let q(i) = -9*i - 3. Let y be 19/(-4) + (-4)/16. Let x be q(y). Suppose 98 + x = 4*h. Calculate the greatest common factor of 5 and h.
5
Suppose -25 = 5*n, 0 = -0*m + 5*m + 5*n + 80. Let d be -7 - m - (2 - 1). Suppose -41 = -d*r - 11. What is the highest common divisor of r and 30?
10
Let d = -3 - -11. Suppose 0 = -2*f - 2*f + d. Suppose 3*c + 0*c - 30 = -4*h, f*h + 3*c - 12 = 0. Calculate the greatest common factor of h and 36.
9
Let r = 66 - 45. Suppose 0 = 3*o + 4*q - r, 0 = 6*q - q. Calculate the greatest common factor of o and 28.
7
Let f = -1 + 1. Suppose 5*k - k - 168 = f. Calculate the greatest common factor of 6 and k.
6
Let d be (-6)/27 + 40/18. Suppose -28 = -o - 0*o - 4*c, d*o = 2*c + 6. What is the greatest common factor of o and 56?
8
Let q = 9 + 1. Let a be (-8)/(-4) + 0 + 93. Suppose 3*z + 5*o - 245 = 0, -z - 18 = -3*o - a. What is the highest common divisor of z and q?
10
Let u be 270 - (2/(-6) + 2/6). What is the greatest common divisor of 30 and u?
30
Suppose 0 = w - 0*n - n - 116, -2*w + 242 = 3*n. Suppose 0 = 2*q - w - 80. Calculate the greatest common divisor of q and 9.
9
Let d be (12/(-40)*-6)/((-2)/(-10)). What is the greatest common factor of 1 and d?
1
Let t be 2*5/10 + 203. Suppose -525 = 5*u - 0*u. Let j = t + u. What is the greatest common divisor of j and 9?
9
Suppose -3*r = 4 + 8. Let l = -2 - r. Calculate the highest common divisor of l and 2.
2
Let s be 4 - 1/(-1 - 0). Let n be ((-9)/(-6) + -2)*2. Let d be 15*3/(-1)*n. What is the highest common divisor of d and s?
5
Suppose 4*u + 4*x - 74 = x, 5*u - 102 = x. Calculate the greatest common divisor of 20 and u.
20
Suppose -3*x = 2*a - 55, -3*a - x = -2*a - 27. What is the highest common factor of 13 and a?
13
Let v(a) = -152*a**2 - a + 1. Let b be v(1). Let i = b + 232. Suppose -4*l + i = 3*y, 0*l + 3*l + 2*y = 60. Calculate the highest common factor of l and 4.
4
Let j be (-1)/2 + 25/(-2). Let m = -22 + 19. Let q = m - j. What is the greatest common factor of q and 110?
10
Let l = -72 - -114. Suppose 0 = z - 9 - 5. Calculate the greatest common divisor of l and z.
14
Suppose -2 = -3*n + 10. Suppose -b - 2*b + 96 = 0. What is the highest common divisor of b and n?
4
Suppose -6*z + 0*z = -72. Calculate the highest common divisor of z and 192.
12
Suppose -4*z + 7 = -33. What is the highest common factor of 5 and z?
5
Let z be (16/24)/(2/63). Calculate the greatest common factor of z and 147.
21
Let h(o) = o + 7. Let r be (0 - 10/(-4))*2. Let x be h(r). Suppose -24 = -3*y + 120. What is the highest common divisor of x and y?
12
Let k be (2 - 1)/(5/90). Suppose 0 = u + u - 108. Suppose w = u + 36. What is the highest common divisor of k and w?
18
Let g = 315 - 496. Let c = g - -316. What is the highest common factor of 54 and c?
27
Let s(l) = 2*l. Let i be s(2). Suppose 2*q - i*k = 16 + 34, -32 = -2*q - 2*k. What is the greatest common divisor of 38 and q?
19
Let o(y) = 15*y. Let t be o(2). Let w = 26 + -16. What is the greatest common divisor of t and w?
10
Let x(d) = -23*d - 14. Let b be x(-4). Calculate the greatest common divisor of 6 and b.
6
Let j be -1 - (-110 - 6/2). Calculate the greatest common divisor of 14 and j.
14
Suppose 2*h = 7 + 7. Calculate the greatest common factor of h and 14.
7
Let z(t) = 6*t**2 - 21*t + 21. Let m be z(1). Suppose -3*q - 3*j + 24 = 0, -3*j + 8*j - 10 = 0. Calculate the greatest common divisor of q and m.
6
Suppose 4*i - 110 = -2*f, -i + 5*i = -4*f + 100. Calculate the greatest common factor of i and 10.
10
Suppose 20*i + 5*d = 22*i - 5, -5*d = -4*i + 15. Calculate the greatest common divisor of 2 and i.
1
Let y be (-22)/6 + 2/3. Let x = y + 45. Suppose 2*g - x = -2*r, -4*r + 4*g + 84 = -r. What is the greatest common factor of r and 8?
8
Let q be (-6 + 78/12)*(-1 - -61). Calculate the greatest common divisor of q and 75.
15
Suppose 0 = 5*w + 12 - 82. Let n = 4 + -1. Suppose n*d + d + 43 = 5*c, 5*d + 10 = 0. Calculate the greatest common factor of w and c.
7
Let j = 365 + -229. What is the greatest common divisor of j and 34?
34
Let a(h) be the second derivative of 56*h**2 + 0 + 0*h**3 - 1/12*h**4 - h. Let m be a(0). What is the greatest common divisor of 14 and m?
14
Let m(p) = 8*p - 4. Let z = 8 + -4. Let l be m(z). Suppose -x + l = x. What is the greatest common factor of x and 7?
7
Let x be 7 + (-2 - -2) + 0. Let t(w) = w + 15. Let s be t(-8). What is the highest common factor of x and s?
7
Let z be (2 - 0)/(2 + -1). Let a = -12 + 17. Suppose 0 = a*i + 2 - 12. Calculate the greatest common factor of z and i.
2
Suppose -g + 41 = -3*h, 4*h + 0*h + 76 = 2*g. Suppose 0*x = -4*x + 48. Suppose z = -2*z + x. Calculate the hig